2944*n + 7. Let w be y(-9). Suppose -63003 - w = -5*a + l, -l = -4*a + 71604. Is a a prime number?
False
Suppose 1905 = 48*c - 45*c. Suppose 0 = -6*v + c + 2275. Is v a prime number?
False
Let a = 142787 - 10166. Is a a composite number?
True
Suppose -35 = -a - 31. Suppose -h - 14 = -a*c, -c = -h - h. Let w(p) = 1028*p - 3. Is w(h) prime?
True
Let q = 88 + -84. Is 15*(-14428)/(-204) - q/(-34) prime?
True
Let x = 4709 - -9810. Is x a prime number?
True
Let y = -450 - -422. Is (-259217)/y + 3/(-4) composite?
False
Let r(a) = 485*a**2 + 8*a - 21. Let c be r(-7). Let t = -12535 + c. Suppose -2*k = 2155 - t. Is k a composite number?
True
Let c = 8944 + -6035. Is c composite?
False
Suppose -4*t + 11 = -4*l + 47, -4*t - 26 = -2*l. Suppose -3*n - 2*m = -14, 4*n - 4*m = -8 - 0. Is (n/t)/((-26)/15132) a prime number?
False
Is 7/252*8 - (27674675/(-45) - -12) composite?
False
Let g(r) = r**2 + 13*r + 28. Let c be g(-6). Let y be ((-19)/7 - (-4)/c)*2. Is y/(-8) - 14570/(-40) composite?
True
Suppose 4*u + 428284 = 4*p - 197380, 3*p = -4*u + 469269. Is p a prime number?
True
Let p(m) be the third derivative of 7*m**6/120 + m**5/20 - m**4/6 + m**3/3 - 26*m**2. Let b be p(1). Let x(k) = 2*k**3 + 3*k**2 + 2*k - 19. Is x(b) prime?
True
Let d be -35 - (0 + -3) - 8/(-4). Let j be (-31)/7 + d/(-70). Is (-4 - 666/(-3)) + j a composite number?
True
Suppose -3*v + z + 94 = 0, 2*v - z + 0*z = 62. Let y = 34 - v. Suppose 0 = -o - 10*g + 5*g + 1156, 0 = 5*o - y*g - 5753. Is o composite?
False
Is (52034/5*105/12)/((-107)/(-214)) composite?
True
Suppose -8435 = -4*j + 1001. Let p = -1242 + j. Suppose 7*x - 8*x - 4*r + p = 0, -3*x + r + 3325 = 0. Is x composite?
False
Let f(d) = 43584*d**2 + 22*d + 59. Is f(3) composite?
True
Let o(j) = 579*j + 1611. Is o(10) a prime number?
False
Let c be 6/8 - ((-7665)/20 - -3). Let k = 2782 + c. Is k prime?
True
Is (-1 + 1*423)/((-156)/(-8346)) a prime number?
False
Is 15/(-12) + (-131692572)/(-368) prime?
True
Suppose 0 = -n + 2*n - 2*n + 6*g + 160583, 0 = -3*g. Is n a composite number?
False
Let y(r) be the third derivative of r**5/15 - 17*r**4/24 - 44*r**3/3 - 112*r**2. Is y(15) a composite number?
False
Let v(t) = -2*t**3 + 37*t**2 - 14*t - 39. Let p be v(18). Suppose 2*a - 115 = p. Is a composite?
True
Suppose 0 = -2*m - 130 - 164. Let i = m + 478. Is i composite?
False
Let k(h) = -h + 622. Let b(j) = 4*j - 2488. Let p(d) = 2*b(d) + 9*k(d). Let a be p(0). Suppose 0 = 2*m - 3*i + 7*i - a, -5*m = 2*i - 1587. Is m prime?
False
Let o = -13 + 11. Let k = -9571 + 17095. Is k/95 + o/10 a composite number?
False
Suppose -a + 73351 = -2*r + 587008, 3*r + 4*a - 770491 = 0. Is r a composite number?
True
Is 3/((57/(-570))/(320291/(-15))) prime?
False
Is 174/18*213 - (-11 + 7) prime?
True
Is (80/180 - (-35698369)/153) + 44/(-374) prime?
True
Suppose 2*x - 1355 - 1373 = 4*r, 3*r - 2693 = -2*x. Let d = 727 + x. Is d a prime number?
True
Suppose 5*q + 20 = 0, w + 3*w = -17*q + 144848. Is w a composite number?
False
Let d(x) = -564*x - 226. Let a be d(6). Is (3 - a)*(-2 - -4 - 1) composite?
False
Suppose -5*u + 1006 = -10564. Suppose -u = 7*g - 7781. Is g a composite number?
True
Let s be (2 + 0)/2*4/(-2). Let q be -4*(s + 1) - 2. Suppose -d - q*l = -333, -4*l = -l + 3. Is d prime?
False
Suppose 24*f = 5*y + 23*f - 3106273, -4*f + 6833751 = 11*y. Is y prime?
False
Suppose -1394 = -o + 5*z + 1200, 4*o - 10430 = 2*z. Is o prime?
True
Suppose -p - 3*q - 657 = -5*p, p + 2*q - 167 = 0. Let r = p - 852. Let s = 292 - r. Is s prime?
False
Is (35399 - (-23 - -8))/((-4)/(-2)) a prime number?
True
Let y = 566 + -561. Let c(l) = 816*l + 107. Is c(y) prime?
False
Let l = 936456 - 557941. Is l a composite number?
True
Suppose 0 = 73*t + 177*t - 2082250. Is t prime?
True
Let i(o) = 56*o**3 + 1 - 3*o + 150*o**2 - 150*o**2. Is i(2) a prime number?
True
Suppose 11*m = 17*m - 37146. Suppose -2*a = 3*u - m, -3*u + 192 = -3*a + 9486. Is a a prime number?
False
Suppose -46711893 + 18368290 = -527*q + 35437626. Is q a composite number?
True
Let r(f) = -2*f**3 - f - 5. Let j(b) = 2*b**2 + 39*b + 17. Let g be j(-19). Let m be r(g). Suppose 801 = m*d - 4*d. Is d a composite number?
False
Let u(f) = -1988*f**2 - f - 2. Let d(c) = c**3 + 16*c**2 - 2*c - 34. Let l be d(-16). Let y be u(l). Is (2 + y)/(-5) + -1 prime?
False
Let q(n) = -3*n - 5*n**2 + 5*n + 6*n**2. Let v be q(2). Suppose -4*r - 230 = -5*k + 479, 0 = -2*r + v. Is k a prime number?
False
Let u be (38*(-2)/(-10))/(2/10). Suppose -2*v = -5*a + 2071, 5*a - 5*v - 2069 = -2*v. Let g = a + u. Is g composite?
True
Suppose 1229 = -9*d + 131. Is d/(-4) - 2*8/(-32) prime?
True
Let a(f) = -68*f**3 - 8*f**2 - 28*f + 51. Is a(-16) composite?
True
Let z(j) be the first derivative of -2*j**3/3 - 11*j**2/2 - 3*j + 6. Let d be z(-5). Suppose -d*g - 535 = -1761. Is g composite?
False
Let t(f) = 39*f**2 - 33*f - 343. Is t(71) prime?
False
Suppose 0 = 3*h - 2*o - 1564983, 5*h + 190*o - 192*o - 2608297 = 0. Is h a prime number?
True
Let y(d) = -d**3 - 40*d**2 - 221*d + 53. Is y(-49) a prime number?
True
Suppose 4*s = 5*n + 118611, -n + 41218 + 47764 = 3*s. Suppose -o + s = -b, 54*o - 5*b - 118632 = 50*o. Is o prime?
True
Suppose -19 - 23 = -14*u. Suppose -2*g + u*g = 185. Is g composite?
True
Let c(f) = 749*f**2 + 2 + 20*f - 17*f - 3 - 7. Let y be c(5). Suppose -y = -9*w - 3*w. Is w prime?
False
Let f = 14 - -18. Suppose -v + 2*m - f = -3*v, 0 = 4*m + 20. Suppose -8974 = 7*d - v*d. Is d a composite number?
False
Let f = -568 + 2389. Suppose 0 = 2*r - f - 973. Is r a composite number?
True
Let o(k) = -162*k + 74. Let p be o(5). Let v = p + 2393. Is v a composite number?
False
Let s = 4578 - 9753. Let i = -2074 - s. Is i composite?
True
Suppose 25*s - 152 - 23 = 0. Suppose -63182 = -21*m + s*m. Is m a prime number?
True
Let a(d) = d**3 + 8*d**2 - 12*d - 22. Let z be a(-9). Suppose -2*u + 2*j + 4876 = 0, 0 = z*u - 2*u - 2*j - 7313. Is u prime?
True
Let k be (132/40 + -3)*10 - 0. Let m(q) = 1249*q + 44. Is m(k) composite?
True
Let s(d) = -1 + 255*d + 6 + 12 + 299*d - 144*d. Is s(4) prime?
True
Let q(x) = 1529*x**3 - 2*x**2 + 2*x - 2. Let l be q(2). Suppose 2*t - 12804 = -5*m, 570 = 2*t + m - l. Is t a composite number?
False
Let v(k) = 853698*k - 221. Is v(1) a prime number?
True
Suppose 13*n - 5880 = 53*n. Let b(h) = 58*h - 2. Let j be b(-4). Let g = n - j. Is g a prime number?
False
Suppose 8*p + 7 = 23. Let f(s) = -s + s + 26*s**2 + 7 - p*s + 16*s**2. Is f(3) prime?
True
Let g(b) = -26*b - 42. Let q be g(0). Let v = q + 559. Is v composite?
True
Suppose 5*p - 22055 = -5*h, h = p - 3284 - 1121. Let x be 0 + 3 + -1 + (-4)/(-2). Suppose -2*b - 8808 = -4*u, -x*u - b + p = -2*u. Is u prime?
True
Let t(h) = -147*h**2 - 49*h - 20. Let r(w) = 37*w**2 + 12*w + 5. Let i(u) = 9*r(u) + 2*t(u). Let v(p) = p**2 + p - 1. Let o(b) = i(b) + v(b). Is o(3) prime?
True
Let y(m) be the second derivative of 100*m**3 + m**2 - 4*m. Is y(6) composite?
True
Suppose -2*s - 2*t + 34 = s, -5*t = 3*s - 49. Suppose -34*q + s = -32*q. Is (4062/(-12))/((-2)/q) composite?
False
Let y = 710 + -576. Suppose 0 = 133*r - y*r + 3491. Is r a prime number?
True
Is ((-2)/(-8) - 160632367/(-196)) + 1782/2079 composite?
True
Let h = -174991 + 503434. Is h composite?
True
Let v = 61 + -59. Suppose 2*w - 7190 = -v*w - y, -3604 = -2*w - 5*y. Is w composite?
True
Is (3 - (-21)/(3/6*-6)) + 329171 composite?
False
Let d(y) = -1207*y + 42. Let i(c) = -3624*c + 125. Let r(b) = 8*d(b) - 3*i(b). Is r(7) composite?
True
Let b(s) = 6*s**2 - 13*s - 10. Let l be b(-6). Suppose -l = 12*g - 20. Is g/((-2)/(-94)*-2) composite?
True
Is 27012 + (5 - -3) - -9 a composite number?
True
Suppose -4*i + 22 = 3*y, -i - 4*y = 1 - 0. Suppose 0 = -i*n - 16 + 51. Let x(q) = 2*q**2 - 2*q + 3. Is x(n) composite?
False
Let q = -43 + 1604. Suppose a - 5*z - q = 0, z + 4025 = 2*a + 903. Is a a prime number?
False
Suppose -19*z + 120273939 = 9474356. Is z composite?
False
Let b be 24/(-40) + 24/(-10) + -42. Is 1 + 9/(b/(-18010)) a prime number?
False
Suppose -68*c + 207663 + 126761 = 0. Is c composite?
True
Suppose b - 899 - 825 = 0. Let l(h) = 60*h - 273. Let c be l(-8). Let f = b + c. Is f a composite number?
False
Let s = -387 - -388. Is (s - (-208515)/12) + (-27)/108 prime?
True
Let n be ((-1449)/35 + 6)